72. Suppose 33 = 3*b - 3*u, -2*b - 2*b - 4*u = -20. What is the remainder when y is divided by b?
7
Suppose 4*n - 2*x = 58, 0 = -4*n + 8*n - 4*x - 56. What is the remainder when 26 is divided by n?
11
Let x(o) = 20*o**2 - 5*o - 2. Let l be x(-1). Suppose 5*t - l = 27. Let w(m) = -m**3 + 6*m**2 + 6. What is the remainder when t is divided by w(6)?
4
Let o(k) = -k**3 - k + 3. Let t = -33 + 39. What is the remainder when o(0) is divided by (1/1)/(2/t)?
0
Let g = -42 + 47. Suppose -w - 144 = -g*w. What is the remainder when w is divided by 10?
6
Let x(l) = -25*l - 11. Calculate the remainder when x(-10) is divided by 27.
23
Suppose 13*z - 448 = 9*z. What is the remainder when z is divided by 39?
34
Let u(y) = 12*y - 82. What is the remainder when u(20) is divided by 23?
20
Let f(t) = -t**3 - 5*t**2 + 6*t + 3. Let i be f(-6). Let c = -249 - -281. What is the remainder when c is divided by -2 + ((-180)/i)/(-3)?
14
Suppose -108 = -d - 4*z, 5*d - 3*z - 540 = -0*d. What is the remainder when 322 is divided by d?
106
What is the remainder when (-4300)/(-30)*(-24)/(-10) is divided by 87?
83
Suppose x - 3*x - 3*q + 258 = 0, -5*x = 2*q - 656. Let r = x - 59. What is the remainder when r is divided by 38?
35
Let w(q) = -q**3 + 16*q**2 + 30*q + 6. Calculate the remainder when w(17) is divided by 12.
11
Let i = -1641 - -1833. What is the remainder when i is divided by 184?
8
Suppose -190 = -7*b + 41. Calculate the remainder when b is divided by 27.
6
Let k(b) = 2*b - 7. Let p be 15/10*8/3. What is the remainder when 2 is divided by k(p)?
0
Let t = 636 + -587. Calculate the remainder when 338 is divided by t.
44
Let q = 135 - 120. Suppose 5*g - 5*z - 187 - 93 = 0, 4*z - 12 = 0. Calculate the remainder when g is divided by q.
14
Let u = 6 - 8. Suppose 22 = 2*y + 2*r, -5*y = r - 29 - 34. Let h = y + u. Calculate the remainder when 32 is divided by h.
10
Suppose x - 6*x - 219 = -3*w, -x + 73 = w. Let k = -23 - -42. What is the remainder when w is divided by k?
16
What is the remainder when ((-142)/(-10))/(7/35) is divided by 13?
6
Let f(l) = 8 - 4 + 9*l**2 - 2*l - 6. Let r be f(-3). Let q = r - 54. Calculate the remainder when q is divided by 8.
7
Suppose 75 + 3 = 3*p. Suppose 0 = -2*x + 145 - 115. Calculate the remainder when p is divided by x.
11
Let s(w) = -w**2 + 19*w + 44. Let v be s(21). Suppose 0 = v*q - 30 - 2. Calculate the remainder when 43 is divided by q.
11
Suppose -5*t = -5*l - 0*t + 95, -l + 25 = 5*t. Suppose 0 = -2*h - 2*h + 232. Suppose d + 0*d - h = 0. What is the remainder when d is divided by l?
18
Let y(h) = 3*h**2 + 3*h - 3. Let m be y(4). Calculate the remainder when m/(1/4*3) is divided by 11.
10
Let r = 1171 + -1100. Calculate the remainder when 106 is divided by r.
35
Suppose -2*o + 16 + 9 = 5*l, -17 = -o - 4*l. Calculate the remainder when 1 - 3/((-3)/85) is divided by (-2)/o + 294/10.
28
Calculate the remainder when (-9 - 0)*-2*(-24)/(-9) is divided by 7.
6
What is the remainder when (-2)/9 - (-11)/((-693)/(-3605)) is divided by 11?
2
Suppose 0 = -2*w + 15 + 99. Suppose -52*r = -w*r + 490. Calculate the remainder when r is divided by 34.
30
Let x(p) = -p**3 - 10*p**2 - 10*p - 4. Let q be x(-9). Let r(j) = 4 - q - 5*j + 25*j + j. Calculate the remainder when r(3) is divided by 32.
30
Let r(y) = -y**3 + y + 14. Let v be r(0). Suppose -3 = 3*h - 0. Calculate the remainder when v + h + 1 + -3 is divided by 6.
5
Let a be 0*2/(-2*2). Suppose a = 2*y + 3*y - 20. Suppose -3*f = -y*f + 2*l + 15, -25 = -2*f - l. Calculate the remainder when 51 is divided by f.
12
Suppose -161*q = -164*q + 90. Let t(c) = c**3 + 4*c**2 + 3*c. Let r be t(-3). Suppose r*v = v - 57. Calculate the remainder when v is divided by q.
27
Suppose 0 = -2*i - 3*i - 250. Let z = i - -184. Let n = 230 - z. What is the remainder when n is divided by 33?
30
Let p = -81 - -155. What is the remainder when 1 + (p - 12/3) is divided by 15?
11
Let p = -83 - -162. Let b = -48 + p. Calculate the remainder when b is divided by 7.
3
Suppose 3*g - 3*y = 417 + 63, -2*y = 4*g - 622. What is the remainder when g is divided by 57?
43
Suppose 2*f + 2*u = 4*u + 80, f - 4*u = 46. Let n = -33 + 47. Calculate the remainder when f is divided by n.
10
Let t = 157 - 14. Calculate the remainder when t is divided by 24.
23
Let m(i) = -i + 5. Let c be m(5). Suppose 0*b - 3*b + 27 = c. Suppose 3*g = 4*g - b. What is the remainder when 26 is divided by g?
8
Suppose 0 = 6*n - 199 + 7. Suppose -2*d = 2*s - 60, 2*s - 63 - n = -3*d. Calculate the remainder when d is divided by 17.
1
Calculate the remainder when 108 is divided by (-154)/44*8/(-14).
0
Let x(z) = -z**2 + 14*z + 99. What is the remainder when 862 is divided by x(9)?
142
What is the remainder when 37 is divided by (-5 + 45/10)*(-52)/2?
11
Suppose -4*p = 3*w - 2*w - 7, 0 = -4*w - 5*p + 17. Suppose 0*j = w*j - 9. Calculate the remainder when (-201)/(-39) + 6/(-39) is divided by j.
2
Suppose j - 6 = -2. Suppose 0 = -j*f + 14*f - 80. What is the remainder when 15 is divided by f?
7
Let x be (-5)/(-4) - (-1)/(-4). What is the remainder when ((-144)/(-56))/((-6)/(-112)) is divided by (-25)/((2 - x)/(-1))?
23
Let b = 28 - 16. Calculate the remainder when b is divided by (-6)/4 + 11/2.
0
Suppose z - s - 71 = 0, 0*s - s + 289 = 4*z. Calculate the remainder when z is divided by 2.
0
Suppose 0 = -5*v - 15, 0 = -l - 3*v - 7. Suppose 4*x - w - 61 = 0, 5*x - l*w - 76 = -w. Calculate the remainder when 71 is divided by x.
11
Suppose 11*h - 71 = 72. Calculate the remainder when 103 is divided by h.
12
What is the remainder when ((-157)/3)/((-1)/3) is divided by 32?
29
Suppose 3*h + 3*o - 234 = 0, -10*h = -15*h - o + 386. What is the remainder when h is divided by 1/(-1 + 81/78)?
25
Let g(u) = -u**3 - u**2 + 13*u - 15. What is the remainder when g(-5) is divided by 15?
5
Suppose -5*w + 0*v = 5*v - 25, 3*w - v - 7 = 0. Suppose -q + 2*t + 27 = 0, 4*q = -0*q + w*t + 93. Calculate the remainder when 61 is divided by q.
19
Suppose -d - 120 = -2*r, 2*r - 4*d = r + 67. Let p = -10 + r. Calculate the remainder when p is divided by 25.
24
Suppose -91*x + 2014 = -53*x. Calculate the remainder when x is divided by ((-42)/2)/((-6)/4).
11
Let o = -170 - -207. Let r(z) = z**3 - 9*z**2 + 9*z + 2. Let y = -21 + 29. What is the remainder when o is divided by r(y)?
7
Suppose 12*c + 164 = 476. What is the remainder when 178 is divided by c?
22
Let z = -29 + 72. Let o(y) = 3*y**2 - 5*y - 2. Let w be o(4). Suppose -29*d = -w*d - 45. What is the remainder when z is divided by d?
13
Let w be 2*6/(-8)*-16. Suppose 3*i - 2*y - 25 = 0, 2*i - 7*y = -2*y + w. Let x = 32 - i. Calculate the remainder when 73 is divided by x.
23
Let m = 5 - -4. Let y(x) = -2*x**3 + 161*x**2 - 77*x - 197. What is the remainder when y(80) is divided by m?
7
Let u = -10 + 10. Suppose u = 5*x - x - 264. Calculate the remainder when ((-10)/(-4))/(3/x) is divided by 14.
13
Suppose 5*r - 4*f - 9 = 13, 5*r - 26 = 2*f. Let g be (-15)/(-1)*72/120. Suppose -g*q + 57 = 10*q. What is the remainder when r is divided by q?
0
Suppose -s = 1 - 56. Suppose -a + 6*a - s = 0. Suppose -8*b + a*b = 69. Calculate the remainder when b is divided by 12.
11
Suppose -9*w - 81 = -18*w. Let b be 21/(-2) + 1/2. Let k(l) = -2*l + 3. What is the remainder when k(b) is divided by w?
5
Suppose -4*j - 2*n + 30 = 0, 3*j - n = -6 + 31. Let r = 185 - 174. What is the remainder when r is divided by j?
3
Let p(z) = -4*z + 1. Let r be p(-5). Suppose 3*b = 218 - 14. What is the remainder when b is divided by 0 + r + 17 + -15?
22
Suppose 2*k = 6, -165*r + 164*r + 2*k = -382. Calculate the remainder when r is divided by 30.
28
Let x = -1343 + 1369. What is the remainder when 2130 is divided by x?
24
Let r = 153 - 201. Let k = r - -64. Suppose w = -3*u + 36, -w - 3*u = -2*w + 54. Calculate the remainder when w is divided by k.
13
Let c(d) = -5*d + 61. What is the remainder when c(0) is divided by 24?
13
Let w be 3 + 0 - (-3)/(-3). Suppose -4*t + 5*y = -49, -w*y = t + 2*t - 31. Let q(n) = -n**2 + 10*n + 9. Calculate the remainder when q(7) is divided by t.
8
Let p = -1030 + 1133. Calculate the remainder when 285 is divided by p.
79
Suppose 16*z - 425 = -9*z. Calculate the remainder when z is divided by 6.
5
Suppose 0*p + 3*p = 21. Suppose -5*h + 3*h -